hest common factor of s and q?
17
Let y = 69 - 71. Let k be -5 + (-17)/y + 3/6. Suppose -515 = -k*j + 3*x, 4*x + x + 275 = 2*j. What is the highest common divisor of 75 and j?
25
Let b = -207 - -207. Suppose g + b*g + 3*l = 23, -2*g + 3*l = -1. Calculate the highest common divisor of 2 and g.
2
Let g = 1664 + -1217. Calculate the highest common factor of g and 13261.
149
Let j = -252 - -356. Suppose 6*x - 19*x + j = 0. What is the greatest common factor of 88 and x?
8
Suppose 2*o + 2*p + 224 = 0, -o + p - 40 = 66. Let q = o - -57. Let w be -5*(-5)/(-10)*q/10. Calculate the greatest common factor of w and 65.
13
Suppose -45*q + 5890 + 20682 = 46*q. What is the highest common factor of q and 128?
4
Suppose -w + 76 = -19*r + 20*r, 0 = w - 4*r - 81. Let c = -15 + 22. Calculate the greatest common divisor of w and c.
7
Suppose 169*w + 69 = 170*w. Suppose -w = -4*d - 65. Suppose 0 = 2*n - 4*k - 20, k = -2*n + d + 4. Calculate the greatest common factor of 44 and n.
4
Suppose 0 = w - 81*z + 84*z - 1026, 3*w - 2*z = 3144. Calculate the highest common factor of 396 and w.
36
Suppose 2*p - 3779 = -3767. Let t be (-2 + -2)/(-2) + -6. Let z be 2/t*2*-15. What is the highest common divisor of z and p?
3
Suppose -4*m + 728 = -3*i, 2*i + 219 = -5*m - 251. Let a be -6*(-8)/(i/(-55)). What is the highest common factor of a and 517?
11
Suppose -2*t - 3*y + 3 = 2*t, 0 = 4*t + 5*y - 5. Let q be 18 + -13 - (4 + t). Let v be -2*q*(-17)/34. Calculate the greatest common divisor of 5 and v.
1
Let v = -8866 - -8926. Calculate the greatest common factor of v and 13500.
60
Let t be (3120/(-50))/(9/(-30)). Calculate the greatest common divisor of 16 and t.
16
Let v = 15 + -10. Let y be (3 - 1)/(-4 + v). Suppose -b = y*c - 4 - 25, -5*b - 3*c = -159. Calculate the greatest common divisor of b and 363.
33
Let v be 1/(-4)*-4*39. Let u(i) = i**3 - 38*i**2 - 32*i - 84. Let f be u(v). Calculate the greatest common divisor of f and 21.
21
Suppose -19*i - 102*a + 2085 = -106*a, i = 5*a + 81. Suppose 0*l + 2*l = -2, -4*l = 4*d - 588. Calculate the highest common factor of i and d.
37
Suppose -2*p + 636 = 4*r, -4*r + 636 = 21*p - 16*p. Calculate the greatest common factor of 795 and r.
159
Let j(y) = 11*y + 3. Let o be j(1). Suppose 25 - o = n. Let r = 21 - n. Calculate the greatest common factor of 30 and r.
10
Suppose 8 = 4*w, 4*f = -w - 3 - 7. Let h(b) = 30*b**2 + 4*b + 4. Let g be h(f). Suppose 5*j = 123 + g. What is the greatest common factor of j and 7?
7
Let u(m) = -526*m + 3974. Let c be u(4). Calculate the highest common divisor of c and 272.
34
Let b(i) = 27*i - 14. Let r = 99 - 97. Suppose -5*j + 5 = 0, -3*u + 8 + r = 4*j. Let g be b(u). What is the highest common divisor of 8 and g?
8
Let v be 22/28*194 - ((-424)/56 - -7). What is the highest common divisor of v and 34?
17
Suppose 5*s + 5*v - 2285 = 0, -7*s + 4*v + 878 = -2376. Suppose -4*t + 84 = -2*t. Calculate the highest common factor of s and t.
42
Let b(g) = -3*g + 26. Let y be b(12). Let o(n) = -2*n - 10. Let s be o(y). Suppose 4*c - 378 = -s*c. What is the greatest common factor of 63 and c?
9
Suppose -18*o + 714 = -24*o. Let l be (17/o)/(1/(-2))*301. What is the greatest common factor of l and 129?
43
Let z(o) = -35*o - 155. Let t be z(-10). Calculate the highest common divisor of 30 and t.
15
Let y = -5453 + 7409. What is the highest common factor of 24 and y?
12
Suppose -59*x + 63*x - 11264 = 0. Suppose 10*t + 12*t = x. What is the greatest common divisor of 16 and t?
16
Let h be (-9 - (17 - 31))*(4 + 5). What is the highest common divisor of h and 387?
9
Let y be -15*((-1392)/30 - 18). What is the highest common divisor of 756 and y?
42
Suppose 5*n = 3*u + 2390, -5*n + 498*u + 2385 = 494*u. Let i(l) = 10*l - 3. Let s be i(4). Calculate the highest common divisor of s and n.
37
Let a = 9147 - 8972. What is the greatest common divisor of a and 150?
25
Suppose 106 = 5*o + x, 8*x - 3*x - 89 = -4*o. Suppose 6*g = o*g - 4500. What is the greatest common factor of 60 and g?
60
Let o be ((-1)/2*0)/(-2). Let g(a) be the second derivative of a**3/3 + 17*a**2/2 + 70*a. Let u be g(o). Calculate the highest common factor of u and 17.
17
Suppose -5*i = -4*r - 10, 2*r - 4 = -2*i - 2*r. Let m be (60/(-10))/i + 3*23. What is the greatest common divisor of m and 231?
33
Suppose -2369 + 15521 = 48*j. What is the highest common factor of 4247 and j?
137
Let j be (-1)/2*(-18 + 9 - -19). Let d be j/(-10) + 175/10. Calculate the highest common divisor of d and 234.
18
Suppose -u = 4, -5*f + 93*u = 95*u - 82. Let y = 142 - 94. Calculate the highest common factor of y and f.
6
Let u(k) = -2*k**3 - k**2 + 7*k - 4. Let a be u(-6). Suppose -m - a = -6*m. Suppose 4*w - m = 78. What is the greatest common factor of 407 and w?
37
Suppose -22 = -3*i + 17. Let j = 102 - 109. Let a be (((-63)/(-6))/j)/(2/(-52)). Calculate the highest common factor of a and i.
13
Let r be 30*1/(10/12). Let h(c) = 8*c - 33. Let i be h(5). Suppose 10*l + i*l - 102 = 0. Calculate the highest common factor of r and l.
6
Suppose -14*z - 622 = -17716. Suppose 0 = 8*o - 507 - z. What is the greatest common divisor of o and 27?
27
Suppose 3*t + 4*n - 38 = 0, 4*n = -2*t - n + 37. Suppose 2*z = -a + 72, 19 = z - 5*a - t. Let d = z - 22. Calculate the highest common factor of 104 and d.
13
Let z be (1/4 - 7/(-4)) + 0. Let s be z/11 + (-12528)/(-66). Suppose -j - s = -6*j. Calculate the highest common factor of 57 and j.
19
Let v be (-112 + 71)*2/(-2)*27. Let h = 1755 - v. What is the greatest common divisor of h and 18?
18
Suppose 3*d + 201190 = 313*d. Calculate the greatest common factor of 22 and d.
11
Let d(r) = r**3 + 6*r**2 + 5*r + 3. Let u be d(-4). Let f be 76/(-6 - (-80)/15). Let q = 129 + f. Calculate the highest common factor of u and q.
15
Let v(o) be the third derivative of -o**6/120 - o**5/5 - 13*o**4/12 - 4*o**3 + 97*o**2 + 1. Let i be v(-10). What is the highest common factor of 666 and i?
18
Suppose 5*b - 792 = 14*b. Let z(h) = -h**2 - h - 160. Let t be z(0). Let l = b - t. What is the greatest common divisor of 24 and l?
24
Let d(r) = 89*r - 4393. Let h be d(51). Suppose -3*g + 2*o = g - 296, -g = 3*o - 67. What is the highest common divisor of g and h?
73
Let v(z) = -z**3 - 25*z**2 - 162*z. Let u be v(-8). What is the greatest common factor of u and 9256?
104
Let a = 2793 - 2783. What is the highest common divisor of 65 and a?
5
Let w = 0 - -8. Suppose -2*f = -20 + w. Let k be (-457736)/(-232814) - (-4)/118. What is the highest common factor of f and k?
2
Suppose -327*z = -312*z - 2925. Calculate the highest common divisor of z and 273.
39
Suppose 0 = 4*t - 12 - 16. Suppose -8*c = -t*c - 3. Let q(p) = 4*p**2 + p + 2. Let h be q(c). What is the greatest common divisor of h and 123?
41
Let m be (84/4)/(2 + 3 + -6). Let k be (m/14 - -4) + (-187)/(-2). Calculate the greatest common divisor of 48 and k.
48
Let b be 140/(-4)*4/(-10). Let i = -1228 + 1284. Calculate the greatest common factor of i and b.
14
Let i = -1224 - -1814. Let l = i - 559. Calculate the highest common factor of l and 496.
31
Suppose 0 = 5*y + 4*a - 10591, -2*a + 10205 - 1737 = 4*y. Calculate the highest common factor of y and 180.
45
Suppose 2*r = -3776 + 4276. What is the highest common divisor of 650 and r?
50
Let m(c) = 15*c**2 - 3. Let j be m(-3). Let s(q) = -11 - 28 + 20111*q - 20114*q. Let p be s(-17). What is the highest common divisor of p and j?
12
Suppose i = 2*s - 3*s + 7, -11 = s - 2*i. What is the highest common divisor of s and 53?
1
Suppose -f = 20*q - 86923, 3953 + 396 = q + f. What is the greatest common divisor of q and 123?
41
Suppose -1143 = 25*c - 1893. Calculate the highest common factor of c and 522.
6
Let f = -57 + 135. Let o = -75 + f. Suppose -o*y - 52 - 3 = -4*h, -h = -y - 14. What is the highest common divisor of 52 and h?
13
Let n = -339 - -867. Let k = n + 492. What is the greatest common factor of k and 60?
60
Let a be 1 + (-1 - (1 + 60)) + -3. Suppose -296 = 3*s + 100. Let w = a - s. What is the greatest common divisor of w and 170?
34
Let p be (159/6)/((-55)/(-2970)). What is the greatest common divisor of 135 and p?
27
Suppose 698*p - 4 = 702*p. Let m be (247/133)/(p/(-7)). Calculate the greatest common factor of m and 104.
13
Let p(j) = -2521 - 2